= u. Calculate the remainder when k is divided by h(-3).
15
Let x(b) = -7*b + 51. Let p be x(7). Suppose p*z - 95 = 199. Calculate the remainder when z is divided by 39.
30
Let o(k) = 18*k + 230. Let d be o(-16). Let g = -19 - d. Calculate the remainder when g is divided by 27.
12
Let y(d) = d - 26. Let f be y(26). Suppose l - 5*o - 102 = 0, f = 5*l + 4*o - o - 398. What is the remainder when l is divided by 42?
40
Suppose 1889400 = -20*h + 1889480. Calculate the remainder when (-4)/(-18) + (-698)/(-18) is divided by h.
3
Let h(v) = 131*v + 2583. Calculate the remainder when h(6) is divided by 338.
327
Let h = -15 + 36. Let c = 18779 + -18576. Calculate the remainder when c is divided by h.
14
Let d(s) = 10*s**2 - 572*s + 1696. Let b = -134 + 336. Calculate the remainder when b is divided by d(3).
62
Let l = -262 + 265. Suppose 2*p - 5*w = 11, 4*w = l*p + 6 - 19. What is the remainder when 17 is divided by p?
2
Let f = 278 - 185. Suppose -3*v - 130 = 4*z - 744, -5*z + 764 = 2*v. Let m = z - f. What is the remainder when m is divided by 16?
11
Suppose g = n - 152, -18*n + 150 = -17*n + g. Calculate the remainder when 901 is divided by n.
146
Suppose 13*r + 22*r + 210 = 0. Calculate the remainder when ((-3)/r)/((0 + -6)/(-744)) is divided by 34.
28
Suppose 469 - 4369 = -26*o. What is the remainder when 417 is divided by o?
117
Suppose 2*t = 27*t - 28607 + 11057. What is the remainder when 2118 is divided by t?
12
Let o(v) = -3*v + 1. Calculate the remainder when -228*(7 + (-44)/6) is divided by o(-4).
11
Let w = -531 + 750. What is the remainder when w is divided by (14 - -8)/((-1)/(-2))?
43
Let b be (-44)/66 - (-8)/3. Let z be b/(-5)*20/(-2). Suppose -24 = -2*t + z*s, 0 = t - s - 4*s - 9. What is the remainder when 27 is divided by t?
13
Let j = 20 - 26. Let h(d) = -6*d - 19. Calculate the remainder when 82 is divided by h(j).
14
Suppose 14*f - 80 - 88 = 0. Suppose -f = -3*s, a - 19 = -5*s + 275. What is the remainder when a is divided by 31?
26
Let b(t) = 7*t - 50. Let u be b(12). Suppose i - 15 = -4*p, 3*p - 24 = -5*i + u. What is the remainder when 41 is divided by i?
8
Suppose 41*q - 519 - 355 - 1504 = 0. Suppose 0 = -t + 240 - 14. Calculate the remainder when t is divided by q.
52
Suppose 4*t = g + 3*g - 40, 14 = -3*t - g. Calculate the remainder when 94/(((-96)/56)/t) is divided by 17.
6
Calculate the remainder when ((-21)/(-5) - 1)/(-10 + 67040/6700) is divided by 36.
32
Let x(m) = -m**3 - 9*m**2 + 3*m + 9. Let p be x(-9). Let u be (-1632)/p - 2 - (-2)/(-3). Let c = -79 + u. What is the remainder when 53 is divided by c?
8
Let d be 51 + (-3 - (-1)/1). Suppose 0*o = 7*o - d. Suppose -9 = -m + o. Calculate the remainder when 44 is divided by m.
12
What is the remainder when 3837*(-16)/(-30)*10*(-3)/(-12) is divided by 2553?
10
Suppose 2*f - 20 = -4*j, 3*f + 5 = 2*j + 11. Suppose 5*d + 3*i = -147, 47 = -3*d - f*i - 50. What is the remainder when (-2 - -1)*(d + -2) is divided by 15?
14
Suppose -2*j - 10 = -18. Suppose -b - 2*b + 114 = 5*m, j*b - 96 = -4*m. Suppose -4*y - 138 + 374 = 0. What is the remainder when y is divided by m?
17
Suppose -8*g + 10*g + 3*k - 13 = 0, 6 = 2*k. Calculate the remainder when (1272/(-32))/(g/(-24)) is divided by 16.
13
Suppose 64 = 13*o + 298. Calculate the remainder when 28 is divided by 153/o*(-3 + 1).
11
Suppose 0*k + 27*k = 21789. Let y = k - 640. What is the remainder when y is divided by 17?
14
Suppose 3*p - 7*v = 552, -5*p - 3*v = -0*v - 876. What is the remainder when p is divided by 34?
7
Let n(x) = -39*x + 79*x + 2*x**2 + 18 - 28*x. Let d be n(-9). What is the remainder when (d + 1)*(0/6 + 1) is divided by 11?
7
Let z = -142 + 866. Suppose -4*k + z = -8*j + 11*j, 4*k - 5*j = 756. Calculate the remainder when k is divided by 37.
36
Calculate the remainder when 556 is divided by 6 + 21*2/3*1.
16
Suppose -2 = -2*o - o + 4*p, 4*o = 4*p + 8. Let b(q) = -7*q - 124. Let g be 1/2 + 430/(-20). Calculate the remainder when b(g) is divided by o.
5
What is the remainder when 627 is divided by ((-1420)/35 + -4)/((-2)/7)?
3
Let d be (-10)/15 + (-2 - (-320)/(-6)). Let b = 197 + d. What is the remainder when b is divided by 8?
5
Suppose 5*b = -4*v + 171, 4*v + 526*b - 150 = 524*b. Calculate the remainder when 1426 is divided by v.
32
Let x(m) = m - 4*m + 16 - 3*m + 4*m. Let c(f) = f**2 + 7*f + 17. Let z be c(-4). What is the remainder when 10 is divided by x(z)?
4
Suppose -5*m + 5 = -5, m - 2 = -q. Suppose q = 6*o + 2*o - 112. What is the remainder when 24 is divided by o?
10
Suppose -82 - 23 - 93 = -9*m. What is the remainder when m is divided by 8?
6
Suppose -3*h - 3*u + 540 = -4*u, u + 182 = h. Let r = 242 - h. What is the remainder when r is divided by 17?
12
Let w(r) = r**3 - 31*r**2 - 68*r + 103. What is the remainder when 1095 is divided by w(33)?
22
Let c(s) = 4*s**2 + 1. Let h be c(1). Suppose h*x - 13*x = 120. Calculate the remainder when 1/(45/(-330)*1/x) is divided by 19.
15
Let g(s) = 21*s**3 + 8*s**2 + 140*s - 5. What is the remainder when g(8) is divided by 41?
38
Calculate the remainder when 457 is divided by (-3)/(14/((-84)/9))*(27 + 1).
9
Let m(p) = -p - 63. Let q be m(-18). Let n = 91 + q. Suppose -2*f + 36 = 3*g, -3*f - 2*g + 60 = g. What is the remainder when n is divided by f?
22
Let s(i) = -7*i**2 + 17*i + 7. Let b be s(6). Let q = -140 - b. Calculate the remainder when (12/7)/(1/7) is divided by q.
0
Let a(s) = 3*s**2 - 10*s + 6. Let p be a(4). Let x be (-12)/((-12)/(-4)) + p + 1. Suppose -323 = -x*h + 7. What is the remainder when h is divided by 9?
3
Suppose -6*p + 715 = -7841. Calculate the remainder when (-5)/(-15) - p/12*-2 is divided by 41.
33
Suppose 0 = 3*v + 3*n - 219, -4*v - 2*n = -v - 218. Suppose i + 3*i = v. Let x = -4 + i. Calculate the remainder when x is divided by 3.
2
Let x be 3/(0 + (-2)/(-4) - -1). Suppose 3*h = -x*r + 596, -4*r - 193 = -h + r. What is the remainder when h is divided by 40?
38
Let p = -291256 - -291311. Let n = -107 - -201. Calculate the remainder when n is divided by p.
39
Calculate the remainder when 338 is divided by 9*((-2408)/(-63) + -3 - 6/27).
23
Calculate the remainder when (-38037)/(-27) + (-56)/(-252) is divided by 30.
29
Let d(s) be the third derivative of -2*s**4/3 + 25*s**3/6 - 17*s**2. What is the remainder when d(-4) is divided by 2/3 - 201/(-9)?
20
Let v(x) = 23*x - 842. Calculate the remainder when 123 is divided by v(40).
45
Suppose h = i + 145, -211 = -4*i - 195. Suppose -o = -3*y + 85, -5*o - 3 = -2*y + 32. What is the remainder when h is divided by y?
29
Let h be 8/44 - (-21650)/110. Let i = h + -178. What is the remainder when 23 is divided by i?
4
Let a(j) = 5*j - 3. Let y be a(1). Suppose -37 - 47 = y*q. Let s = q - -85. Calculate the remainder when s is divided by 22.
21
Suppose 106*b + 3131 = 207*b. What is the remainder when 2322 is divided by b?
28
Suppose -4*h + 28 - 1384 = 0. Let s = -306 - h. Calculate the remainder when 164 is divided by s.
32
Calculate the remainder when 940/2115 + (-11260)/(-18) is divided by 217.
192
Let c = -26592 + 26597. What is the remainder when 126 is divided by c?
1
Calculate the remainder when 1850 is divided by 6800/25 + -24 + 16.
2
Let d(q) = -4*q + 57. Suppose -2*i = -3*i - 5. Let a(y) = -y. Let p(g) = i*a(g) + d(g). Calculate the remainder when p(-15) is divided by 4.
2
Suppose -3*w + 5*a = -644, 3*w + 5*a = 8*a + 636. What is the remainder when w is divided by 207?
1
Suppose -w + 15 = 4*w. Suppose -o - 3*i = -i + 6, w*i + 20 = 4*o. Calculate the remainder when (-3)/5 + (-38)/(-5) is divided by o.
1
Let g(l) = -l - 10. Let x(m) = -4. Let b(j) = -4*g(j) + 4*x(j). Suppose -13*o + 31 = -12*o. What is the remainder when o is divided by b(-5)?
3
Let v be (-1 + 4 + -11)/(-1). Let q = 254 + -250. What is the remainder when ((-4)/(-6))/(v/276) is divided by q?
3
Suppose 2*k + 5545 = 3*f, -5*f + 5*k = 7*k - 9215. Calculate the remainder when f is divided by 183.
15
Let v = -560 - -480. Let g = -50 - v. Calculate the remainder when 54 is divided by g.
24
Suppose -148*x = 38*x - 4836. Suppose 0 = -4*h - f + 279, 3*f + 228 = -h + 4*h. Suppose -k + h = -6. What is the remainder when k is divided by x?
25
Let y(o) = -579*o - 3430. Calculate the remainder when 9809 is divided by y(-6).
41
Calculate the r